{"id":6,"date":"2022-09-14T18:39:53","date_gmt":"2022-09-14T18:39:53","guid":{"rendered":"https:\/\/afinogroup.mx\/blog\/?page_id=6"},"modified":"2022-09-15T21:56:41","modified_gmt":"2022-09-15T21:56:41","slug":"blog","status":"publish","type":"page","link":"https:\/\/afinogroup.mx\/blog\/","title":{"rendered":"Blog"},"content":{"rendered":"\t\t<div data-elementor-type=\"wp-page\" data-elementor-id=\"6\" class=\"elementor elementor-6\">\r\n\t\t\t\t\t\t\t\t\t<section class=\"elementor-section elementor-top-section elementor-element elementor-element-eb06941 elementor-section-boxed elementor-section-height-default elementor-section-height-default\" data-id=\"eb06941\" data-element_type=\"section\">\r\n\t\t\t\t\t\t<div class=\"elementor-container elementor-column-gap-default\">\r\n\t\t\t\t\t<div class=\"elementor-column elementor-col-100 elementor-top-column elementor-element elementor-element-0c9ba44\" data-id=\"0c9ba44\" data-element_type=\"column\">\r\n\t\t\t<div class=\"elementor-widget-wrap elementor-element-populated\">\r\n\t\t\t\t\t\t\t\t<div class=\"elementor-element elementor-element-9a4e22a elementor-widget elementor-widget-image\" data-id=\"9a4e22a\" data-element_type=\"widget\" data-widget_type=\"image.default\">\r\n\t\t\t\t<div class=\"elementor-widget-container\">\r\n\t\t\t<style>\/*! elementor - v3.7.5 - 14-09-2022 *\/\n.elementor-widget-image{text-align:center}.elementor-widget-image a{display:inline-block}.elementor-widget-image a img[src$=\".svg\"]{width:48px}.elementor-widget-image img{vertical-align:middle;display:inline-block}<\/style>\t\t\t\t\t\t\t\t\t\t\t\t<img loading=\"lazy\" decoding=\"async\" width=\"1280\" height=\"560\" src=\"https:\/\/afinogroup.mx\/blog\/wp-content\/uploads\/2022\/09\/image_6487327.jpg\" class=\"attachment-full size-full\" alt=\"\" srcset=\"https:\/\/afinogroup.mx\/blog\/wp-content\/uploads\/2022\/09\/image_6487327.jpg 1280w, https:\/\/afinogroup.mx\/blog\/wp-content\/uploads\/2022\/09\/image_6487327-300x131.jpg 300w, https:\/\/afinogroup.mx\/blog\/wp-content\/uploads\/2022\/09\/image_6487327-1024x448.jpg 1024w, https:\/\/afinogroup.mx\/blog\/wp-content\/uploads\/2022\/09\/image_6487327-768x336.jpg 768w\" sizes=\"auto, (max-width: 1280px) 100vw, 1280px\" \/>\t\t\t\t\t\t\t\t\t\t\t\t\t\t\t<\/div>\r\n\t\t\t\t<\/div>\r\n\t\t\t\t\t<\/div>\r\n\t\t<\/div>\r\n\t\t\t\t\t\t\t<\/div>\r\n\t\t<\/section>\r\n\t\t\t\t<section class=\"elementor-section elementor-top-section elementor-element elementor-element-b4c82eb elementor-section-boxed elementor-section-height-default elementor-section-height-default\" data-id=\"b4c82eb\" data-element_type=\"section\">\r\n\t\t\t\t\t\t<div class=\"elementor-container elementor-column-gap-default\">\r\n\t\t\t\t\t<div class=\"elementor-column elementor-col-100 elementor-top-column elementor-element elementor-element-1d77908\" data-id=\"1d77908\" data-element_type=\"column\">\r\n\t\t\t<div class=\"elementor-widget-wrap elementor-element-populated\">\r\n\t\t\t\t\t\t\t\t<div class=\"elementor-element elementor-element-ffb8d8a elementor-grid-1 elementor-grid-tablet-2 elementor-grid-mobile-1 elementor-posts--thumbnail-top elementor-card-shadow-yes elementor-posts__hover-gradient elementor-widget elementor-widget-posts\" data-id=\"ffb8d8a\" data-element_type=\"widget\" data-settings=\"{&quot;pagination_type&quot;:&quot;prev_next&quot;,&quot;cards_columns&quot;:&quot;1&quot;,&quot;cards_columns_tablet&quot;:&quot;2&quot;,&quot;cards_columns_mobile&quot;:&quot;1&quot;,&quot;cards_row_gap&quot;:{&quot;unit&quot;:&quot;px&quot;,&quot;size&quot;:35,&quot;sizes&quot;:[]},&quot;cards_row_gap_tablet&quot;:{&quot;unit&quot;:&quot;px&quot;,&quot;size&quot;:&quot;&quot;,&quot;sizes&quot;:[]},&quot;cards_row_gap_mobile&quot;:{&quot;unit&quot;:&quot;px&quot;,&quot;size&quot;:&quot;&quot;,&quot;sizes&quot;:[]}}\" data-widget_type=\"posts.cards\">\r\n\t\t\t\t<div class=\"elementor-widget-container\">\r\n\t\t\t<link rel=\"stylesheet\" href=\"https:\/\/afinogroup.mx\/blog\/wp-content\/plugins\/elementor-pro\/assets\/css\/widget-posts.min.css\">\t\t<div class=\"elementor-posts-container elementor-posts elementor-posts--skin-cards elementor-grid\">\r\n\t\t\t\t<article class=\"elementor-post elementor-grid-item post-82 post type-post status-publish format-standard has-post-thumbnail hentry category-sat\">\r\n\t\t\t<div class=\"elementor-post__card\">\r\n\t\t\t\t<a class=\"elementor-post__thumbnail__link\" href=\"https:\/\/afinogroup.mx\/blog\/todo-lo-que-debes-saber-sobre-resico-regimen-simplificado-de-confianza\/\" ><div class=\"elementor-post__thumbnail\"><img loading=\"lazy\" decoding=\"async\" width=\"2500\" height=\"1608\" src=\"https:\/\/afinogroup.mx\/blog\/wp-content\/uploads\/2022\/09\/AFINO-BLOG-03.jpg\" class=\"attachment-full size-full\" alt=\"\" srcset=\"https:\/\/afinogroup.mx\/blog\/wp-content\/uploads\/2022\/09\/AFINO-BLOG-03.jpg 2500w, https:\/\/afinogroup.mx\/blog\/wp-content\/uploads\/2022\/09\/AFINO-BLOG-03-300x193.jpg 300w, https:\/\/afinogroup.mx\/blog\/wp-content\/uploads\/2022\/09\/AFINO-BLOG-03-1024x659.jpg 1024w, https:\/\/afinogroup.mx\/blog\/wp-content\/uploads\/2022\/09\/AFINO-BLOG-03-768x494.jpg 768w, https:\/\/afinogroup.mx\/blog\/wp-content\/uploads\/2022\/09\/AFINO-BLOG-03-1536x988.jpg 1536w, https:\/\/afinogroup.mx\/blog\/wp-content\/uploads\/2022\/09\/AFINO-BLOG-03-2048x1317.jpg 2048w\" sizes=\"auto, (max-width: 2500px) 100vw, 2500px\" \/><\/div><\/a>\r\n\t\t\t\t<div class=\"elementor-post__badge\">SAT<\/div>\r\n\t\t\t\t<div class=\"elementor-post__text\">\r\n\t\t\t\t<h3 class=\"elementor-post__title\">\r\n\t\t\t<a href=\"https:\/\/afinogroup.mx\/blog\/todo-lo-que-debes-saber-sobre-resico-regimen-simplificado-de-confianza\/\" >\r\n\t\t\t\tTodo lo que debes saber sobre RESICO (R\u00e9gimen Simplificado de Confianza)\t\t\t<\/a>\r\n\t\t<\/h3>\r\n\t\t\t\t<div class=\"elementor-post__excerpt\">\r\n\t\t\t<p>El R\u00e9gimen Simplificado de Confianza, conocido por sus siglas como RESICO, es una simplificaci\u00f3n para que el pago del impuesto sobre la renta (ISR), se<\/p>\n\t\t<\/div>\r\n\t\t\r\n\t\t<a class=\"elementor-post__read-more\" href=\"https:\/\/afinogroup.mx\/blog\/todo-lo-que-debes-saber-sobre-resico-regimen-simplificado-de-confianza\/\" >\r\n\t\t\tVer m\u00e1s \u00bb\t\t<\/a>\r\n\r\n\t\t\t\t<\/div>\r\n\t\t\t\t<div class=\"elementor-post__meta-data\">\r\n\t\t\t\t\t<span class=\"elementor-post-date\">\r\n\t\t\tseptiembre 15, 2022\t\t<\/span>\r\n\t\t\t\t<span class=\"elementor-post-avatar\">\r\n\t\t\tNo hay comentarios\t\t<\/span>\r\n\t\t\t\t<\/div>\r\n\t\t\t\t\t<\/div>\r\n\t\t<\/article>\r\n\t\t\t\t<article class=\"elementor-post elementor-grid-item post-73 post type-post status-publish format-standard has-post-thumbnail hentry category-sat\">\r\n\t\t\t<div class=\"elementor-post__card\">\r\n\t\t\t\t<a class=\"elementor-post__thumbnail__link\" href=\"https:\/\/afinogroup.mx\/blog\/que-contribuciones-generan-las-importaciones-de-productos\/\" ><div class=\"elementor-post__thumbnail\"><img loading=\"lazy\" decoding=\"async\" width=\"2500\" height=\"1608\" src=\"https:\/\/afinogroup.mx\/blog\/wp-content\/uploads\/2022\/09\/AFINO-BLOG-02.jpg\" class=\"attachment-full size-full\" alt=\"\" srcset=\"https:\/\/afinogroup.mx\/blog\/wp-content\/uploads\/2022\/09\/AFINO-BLOG-02.jpg 2500w, https:\/\/afinogroup.mx\/blog\/wp-content\/uploads\/2022\/09\/AFINO-BLOG-02-300x193.jpg 300w, https:\/\/afinogroup.mx\/blog\/wp-content\/uploads\/2022\/09\/AFINO-BLOG-02-1024x659.jpg 1024w, https:\/\/afinogroup.mx\/blog\/wp-content\/uploads\/2022\/09\/AFINO-BLOG-02-768x494.jpg 768w, https:\/\/afinogroup.mx\/blog\/wp-content\/uploads\/2022\/09\/AFINO-BLOG-02-1536x988.jpg 1536w, https:\/\/afinogroup.mx\/blog\/wp-content\/uploads\/2022\/09\/AFINO-BLOG-02-2048x1317.jpg 2048w\" sizes=\"auto, (max-width: 2500px) 100vw, 2500px\" \/><\/div><\/a>\r\n\t\t\t\t<div class=\"elementor-post__badge\">SAT<\/div>\r\n\t\t\t\t<div class=\"elementor-post__text\">\r\n\t\t\t\t<h3 class=\"elementor-post__title\">\r\n\t\t\t<a href=\"https:\/\/afinogroup.mx\/blog\/que-contribuciones-generan-las-importaciones-de-productos\/\" >\r\n\t\t\t\t\u00bfQu\u00e9 contribuciones generan las importaciones de productos?\t\t\t<\/a>\r\n\t\t<\/h3>\r\n\t\t\t\t<div class=\"elementor-post__excerpt\">\r\n\t\t\t<p>La importaci\u00f3n de productos es una actividad comercial que hoy en d\u00eda est\u00e1 cobrando mucho peso, sobre todo por el crecimiento acelerado de los e-commerce<\/p>\n\t\t<\/div>\r\n\t\t\r\n\t\t<a class=\"elementor-post__read-more\" href=\"https:\/\/afinogroup.mx\/blog\/que-contribuciones-generan-las-importaciones-de-productos\/\" >\r\n\t\t\tVer m\u00e1s \u00bb\t\t<\/a>\r\n\r\n\t\t\t\t<\/div>\r\n\t\t\t\t<div class=\"elementor-post__meta-data\">\r\n\t\t\t\t\t<span class=\"elementor-post-date\">\r\n\t\t\tseptiembre 15, 2022\t\t<\/span>\r\n\t\t\t\t<span class=\"elementor-post-avatar\">\r\n\t\t\tNo hay comentarios\t\t<\/span>\r\n\t\t\t\t<\/div>\r\n\t\t\t\t\t<\/div>\r\n\t\t<\/article>\r\n\t\t\t\t<article class=\"elementor-post elementor-grid-item post-60 post type-post status-publish format-standard has-post-thumbnail hentry category-sat\">\r\n\t\t\t<div class=\"elementor-post__card\">\r\n\t\t\t\t<a class=\"elementor-post__thumbnail__link\" href=\"https:\/\/afinogroup.mx\/blog\/todo-lo-que-puedes-y-debes-presentar-en-tu-declaracion-anual\/\" ><div class=\"elementor-post__thumbnail\"><img loading=\"lazy\" decoding=\"async\" width=\"2500\" height=\"1608\" src=\"https:\/\/afinogroup.mx\/blog\/wp-content\/uploads\/2022\/09\/AFINO-BLOG-04.jpg\" class=\"attachment-full size-full\" alt=\"\" srcset=\"https:\/\/afinogroup.mx\/blog\/wp-content\/uploads\/2022\/09\/AFINO-BLOG-04.jpg 2500w, https:\/\/afinogroup.mx\/blog\/wp-content\/uploads\/2022\/09\/AFINO-BLOG-04-300x193.jpg 300w, https:\/\/afinogroup.mx\/blog\/wp-content\/uploads\/2022\/09\/AFINO-BLOG-04-1024x659.jpg 1024w, https:\/\/afinogroup.mx\/blog\/wp-content\/uploads\/2022\/09\/AFINO-BLOG-04-768x494.jpg 768w, https:\/\/afinogroup.mx\/blog\/wp-content\/uploads\/2022\/09\/AFINO-BLOG-04-1536x988.jpg 1536w, https:\/\/afinogroup.mx\/blog\/wp-content\/uploads\/2022\/09\/AFINO-BLOG-04-2048x1317.jpg 2048w\" sizes=\"auto, (max-width: 2500px) 100vw, 2500px\" \/><\/div><\/a>\r\n\t\t\t\t<div class=\"elementor-post__badge\">SAT<\/div>\r\n\t\t\t\t<div class=\"elementor-post__text\">\r\n\t\t\t\t<h3 class=\"elementor-post__title\">\r\n\t\t\t<a href=\"https:\/\/afinogroup.mx\/blog\/todo-lo-que-puedes-y-debes-presentar-en-tu-declaracion-anual\/\" >\r\n\t\t\t\tTodo lo que puedes (y debes) presentar en tu Declaraci\u00f3n Anual.\t\t\t<\/a>\r\n\t\t<\/h3>\r\n\t\t\t\t<div class=\"elementor-post__excerpt\">\r\n\t\t\t<p>La declaraci\u00f3n anual es un documento oficial a trav\u00e9s del cual las personas morales o f\u00edsicas, presentan un reporte de todas las transacciones que realizaron<\/p>\n\t\t<\/div>\r\n\t\t\r\n\t\t<a class=\"elementor-post__read-more\" href=\"https:\/\/afinogroup.mx\/blog\/todo-lo-que-puedes-y-debes-presentar-en-tu-declaracion-anual\/\" >\r\n\t\t\tVer m\u00e1s \u00bb\t\t<\/a>\r\n\r\n\t\t\t\t<\/div>\r\n\t\t\t\t<div class=\"elementor-post__meta-data\">\r\n\t\t\t\t\t<span class=\"elementor-post-date\">\r\n\t\t\tseptiembre 15, 2022\t\t<\/span>\r\n\t\t\t\t<span class=\"elementor-post-avatar\">\r\n\t\t\tNo hay comentarios\t\t<\/span>\r\n\t\t\t\t<\/div>\r\n\t\t\t\t\t<\/div>\r\n\t\t<\/article>\r\n\t\t\t\t<\/div>\r\n\r\n\r\n\t\t\r\n\t\t\t\t<\/div>\r\n\t\t\t\t<\/div>\r\n\t\t\t\t\t<\/div>\r\n\t\t<\/div>\r\n\t\t\t\t\t\t\t<\/div>\r\n\t\t<\/section>\r\n\t\t\t\t\t\t\t<\/div>\r\n\t\t","protected":false},"excerpt":{"rendered":"","protected":false},"author":1,"featured_media":0,"parent":0,"menu_order":0,"comment_status":"closed","ping_status":"closed","template":"elementor_header_footer","meta":{"footnotes":""},"class_list":["post-6","page","type-page","status-publish","hentry"],"_links":{"self":[{"href":"https:\/\/afinogroup.mx\/blog\/wp-json\/wp\/v2\/pages\/6","targetHints":{"allow":["GET"]}}],"collection":[{"href":"https:\/\/afinogroup.mx\/blog\/wp-json\/wp\/v2\/pages"}],"about":[{"href":"https:\/\/afinogroup.mx\/blog\/wp-json\/wp\/v2\/types\/page"}],"author":[{"embeddable":true,"href":"https:\/\/afinogroup.mx\/blog\/wp-json\/wp\/v2\/users\/1"}],"replies":[{"embeddable":true,"href":"https:\/\/afinogroup.mx\/blog\/wp-json\/wp\/v2\/comments?post=6"}],"version-history":[{"count":27,"href":"https:\/\/afinogroup.mx\/blog\/wp-json\/wp\/v2\/pages\/6\/revisions"}],"predecessor-version":[{"id":88,"href":"https:\/\/afinogroup.mx\/blog\/wp-json\/wp\/v2\/pages\/6\/revisions\/88"}],"wp:attachment":[{"href":"https:\/\/afinogroup.mx\/blog\/wp-json\/wp\/v2\/media?parent=6"}],"curies":[{"name":"wp","href":"https:\/\/api.w.org\/{rel}","templated":true}]}}